-1
Evaluate (-1 - -2) + -7 + 11 + -8.
-3
(1 - 3) + 0 + (-12 - -10)
-4
What is the value of (0 - 1 - 2) + -2?
-5
Evaluate 0 + -1 + (8 - 6).
1
What is 0 - -1 - (27 - 24)?
-2
-3 - (-2 + 10 + -11)
0
Evaluate (-14 + 10 - -6) + (1 - 0).
3
Evaluate (4 - -8) + -6 + -1.
5
Calculate 2 + -3 + -4 + (2 - 2).
-5
-16 - -8 - (-3 - 2) - -4
1
Calculate 2 + 0 + (7 + -5 - 7).
-3
-1 + 3 - (63 - 52)
-9
What is 3 + (-8 - (-7 + 0))?
2
What is the value of (0 + 12 - 3) + -9?
0
What is the value of 2 - (6 + -7 + 5)?
-2
Evaluate -9 + 26 + -19 + 0 + 6.
4
Calculate -1 - -3 - (63 + -65).
4
What is -4 + (6 - 7) - -2?
-3
(-3 - (7 + -8)) + 4 + 0
2
11 + (11 - 3) + -17
2
0 + (16 - 7) - 2
7
What is the value of (1 - (-5 - -3)) + -3?
0
What is the value of 3 + -8 + -3 + 10?
2
What is (3 - -2) + (2 - 3)?
4
Evaluate -4 - (0 - -4 - 5).
-3
Calculate 0 - 7 - -5 - 2.
-4
What is the value of -5 - (-4 - (4 - -5))?
8
What is the value of 9 + (3 - (-1 + 9))?
4
Calculate 19 + -8 - (-1 - -6).
6
What is the value of 2 - (2 + (1 - -1) + -6)?
4
What is the value of -6 + -1 + 9 - (-6 + 1)?
7
What is the value of 56 + -66 - (1 - 8)?
-3
What is the value of 11 - 6 - (-3 + 3)?
5
Calculate 3 + 1 + -3 + -2 - -4.
3
Evaluate 9 + (-3 - 0) + -1.
5
Evaluate -28 - -38 - (-4 - -21).
-7
Calculate (-1 - (-11 - (-3 - 0))) + -12.
-5
(1 - -4 - 6) + 5
4
What is 8 - (3 - (-8 + 0))?
-3
-2 - (2 + (0 - (-1 - -1)))
-4
-2 + -1 - (11 - 12)
-2
What is the value of -6 + 17 + (-3 - 4)?
4
Calculate -5 + 1 - (5 + -5).
-4
2 + 2 - (5 - (-11 - -19))
7
What is the value of 6 + -7 + (-3 - -2) + 0?
-2
8 + (-18 - (-7 + -1))
-2
What is the value of (0 - -5) + (-6 - 0) + 6?
5
Calculate -1 + 0 + -1 + (6 - 4).
0
Evaluate (3 + (-5 - 2) - -2) + -1.
-3
Evaluate -5 + (8 + -4 - 3).
-4
Evaluate 13 + 6 + -9 + -10.
0
What is (-5 + 4 - 2) + (7 - -1)?
5
What is the value of 5 + -4 + (8 + -9 - -7)?
7
What is the value of 0 + -2 - (-1 - 0 - -3)?
-4
Calculate -1 + -4 + 1 + 6.
2
-8 + 4 + -3 - -4
-3
Evaluate 4 + 1 + (2 - 4).
3
Calculate 17 - 9 - (-1 - (-5 - -1)).
5
(-4 - 5 - -4) + -2
-7
(3 - 5) + (1 - (6 - 1))
-6
What is -1 - 0 - (-12 - -13)?
-2
Evaluate 1 + 3 - (148 + -152).
8
0 + (-10 + 6 - -9)
5
What is 1 + (3 - (4 + 1))?
-1
What is -9 - (7 + -6 + -8 + 5)?
-7
Calculate 1 + 3 + -7 + 2 + 1.
0
What is the value of 8 + -1 + 0 + -10?
-3
Calculate 1 + (9 - (-6 - -11)) + -8.
-3
Evaluate -8 + (-6 - -5) + 4.
-5
0 + 6 - (130 - 119)
-5
Calculate 0 + 16 + -23 - (1 + -1).
-7
2 - -3 - (6 - -3 - 1)
-3
Calculate -7 - ((0 - (1 + 1)) + -1).
-4
16 - 28 - (1 + -11)
-2
What is (82 - 72) + 2 + -9 + 2?
5
What is (8 - (0 + 4)) + -1?
3
What is -8 + 5 + (5 - 5)?
-3
Calculate 8 + -5 + -3 + -1.
-1
What is 1 + 1 + -2 - (-4 - -6)?
-2
What is -8 - (0 + -15) - 1 - -2?
8
Calculate 5 + (-4 - (-4 - 0)).
5
Evaluate 11 + -7 + -1 - -3 - 3.
3
-2 - (4 + -6 + -4)
4
Calculate (-2 - -1 - 3) + (-20 - -21).
-3
(1 + 1 - (-23 + 27)) + -6
-8
Evaluate (-74 - -77) + 4 + -1.
6
Evaluate (6 - 5) + (-12 - -5 - -1).
-5
What is the value of -3 + 0 + (-4 - 0)?
-7
-5 - -2 - -11 - 4
4
Evaluate -2 - (-4 + 8) - -5.
-1
Calculate (-6 - (-2 - 2)) + 6.
4
Calculate 3 - (14 + -2 + -6).
-3
Evaluate -11 + (-2 - (1 - 13)).
-1
Calculate 2 + -9 + 11 + -6.
-2
What is (-6 - (1 - 3)) + (4 - 3)?
-3
What is -6 + 6 + -5 + 4?
-1
What is the value of -19 - -14 - (0 - 7 - 1)?
3
What is -2 + 18 - 2 - (279 + -273)?
8
What is -11 - -22 - (2 - -6)?
3
3 + -3 - 7 - -13 - 7
-1
Evaluate (2 - -3) + 0 - (4 + -1).
2
What is the value of 2 - 2 - (-4 + 6)?
-2
-6 - (-13 - (0 + 1) - -4)
4
What is 8 + -10 + (-2 - -2 - -7)?
5
3 + (2 - -2 - 4)
3
What is the value of (-5 - -4) + 5 + -7 - -3?
0
What is the value of (-4 - (-7 - -8)) + (4 - 1)?
-2
What is -6 - (-5 - (10 - 6))?
3
Evaluate -7 + (5 + -6 + 5 - -1).
-2
0 - -1 - -2 - (-149 - -144)
8
Evaluate 0 + 1 + (1 - 6).
-4
What is 5 + (2 - 7) + (39 - 33)?
6
0 - ((3 - -4) + -7)
0
Calculate -7 - ((10 - 13) + -1).
-3
Evaluate 3 - (5 - -9 - 18).
7
What is -1 + 7 + (-1 - 0) + -12?
-7
What is 1 - (-1 + (4 - 0)) - -3?
1
-5 - -4 - (6 - 8)
1
Evaluate (4 - (6 + -2)) + 5.
5
What is -8 + 12 + (0 - -1 - 11)?
-6
Evaluate 11 + (-11 - -7) - 3.
4
What is the value of 5 - (2 + (5 - -2))?
-4
What is -11 - 2 - (8 + -9) - -5?
-7
What is the value of -5 + 4 + -12 + 3 - -5?
-5
Evaluate 7 + 0 + (-6 - 1).
0
What is 11 - 7 - 11 - -2?
-5
What is the value of -10 + 12 + -13 + (5 - 0)?
-6
Evaluate (-4 - -7) + 0 - (3 - 0).
0
Evaluate 4 + -2 + -7 - (1 + -1).
-5
What is 0 + (-1 - 1 - -8)?
6
What is 3 - (3 + -2) - (4 - -1)?
-3
(9 - (-5 + 9)) + 3
8
Calculate -5 + (-11 - -12 - (2 + -3)).
-3
What is the value of 0 + 2 + -3 + -1 + 2?
0
Calculate -2 + (0 - -3) + 0 - 0.
1
Evaluate 5 + -8 - (0 - 4).
1
Evaluate -5 + 10 + -5 + 4.
4
Evaluate (1 - 2) + -2 - (132 + -136).
1
-2 - (-5 + 1 - -1 - 6)
7
Calculate 1 + 4 + -2 + 1.
4
What is -58 - -59 - (0 + 2)?
-1
14 - 13 - (-1 - 0)
2
Evaluate (-14 - -10) + (-2 - (-7 + 1)).
0
What is the value of 0 + (-20 + 21 - (2 - 0))?
-1
Evaluate 1 + -8 + -10 + 8 + 3.
-6
Calculate -2 + (-6 - (-5 + 1 - 5)).
1
Evaluate (-8 - -1) + 6 + -1 - 0.
-2
Calculate -5 - (4 - (3 + -2 - -6)).
-2
Evaluate 3 + 7 + (0 - 6).
4
What is 2 + 1 + (4 - 8)?
-1
What is 7 - (8 - 7 - -9)?
-3
Evaluate 6 + (-12 - -4 - -6).
4
Calculate 10 - (3 + (5 - -9)).
-7
Evaluate -7 + (7 - 10) + 5.
-5
What is 3 + (-1 - (-2 - 1)) - 10?
-5
Evaluate 5 - (5 + -2) - (2 - 1).
1
What is the value of -6 + -5 + 8 - -3?
0
What is the value of 0 + -4 - 0 - (-1 - 4)?
1
What is the value of 3 - 4 - -1 - (0 - -2)?
-2
Calculate 3 + -2 + 2 - (-25 + 24).
4
Evaluate -16 + 18 + -1 + 4.
5
What is the value of (-5 - 8) + 14 - (-4 - 0)?
5
Calculate 4 + (-6 + 6 - 7).
-3
Evaluate -8 + 8 - ((-2 - -5) + -3).
0
Evaluate (2 - (16 - (5 - 1))) + 4.
-6
Evaluate (-20 - -19) + -1 + -3.
-5
Calculate (-6 - 2 - -5) + -2.
-5
Calculate -3 + (8 + -9 - -3).
-1
Calculate (5 - (-2 + 6)) + -5 - -6.
2
Evaluate -2 - (-6 - -4) - 2.
-2
(9 - 0) + -10 - (-4 - -1)
2
What is -3 - -1 - (-1 + 5 - 2)?
-4
Calculate 1 - 12 - (16 - 20 - 3).
-4
0 + (0 + -1 - (18 - 21))
2
What is the value of -2 + -6 - (0 - (-4 + 7))?
-5
-1 + -5 + 4 + -4 + 9
3
What is -1 + -4 + 4 - -5?
4
-3 + 1 - (-3 + 0 + -3)
4
3 + (0 - (-1 - (-2 - 2)))
0
What is 3 + (-4 - (-4 + 0))?
3
What is the value of -4 - (1 - (6 + (-3 - 1)))?
-3
-16 - -14 - 5 - -11
4
What is 0 + 0 + -2 - -1 - -6?
5
-6 + (16 - 6) + -2
2
Evaluate -4 - 0 - (5 + 0 - 6).
-3
What is the value of 24 + -20 + (0 - -1) + 0?
5
(-29 - -23) + 3 + 3 + 0
0
What is the value of 4 + 0 + (3 - 4)?
3
What is the value of -5 - (2 - -3) - -4?
-6
What is (12 - 6) + -4 + (-4 - 0)?
-2
Calculate -2 + -1 + -2 + 2.
-3
What is 5 + 4 + (-3 - 5)?
1
Calculate -4 + 3 + 9 - 7.
1
4 - 2 - (10 + -9 + 8)
-7
Evaluate 3 + (3 - -4) + -4 + -2.
4
What is the value of 7 - 2 - (1 - -4)?
0
(-10 - -9 - 3) + 3
-1
Calculate (-4 - 0) + 5 + -1.
0
-2 + 2 + -5 - -3
-2
What is 3 + -6 - (-1 - 3)?
1
What is the value of (9 - 1) + (-4 - (-1 + -4))?
9
What is -1 + 7 + (-16 - -10)?
0
-13 - (-13 - (1 + 0))
1
What is -6 + (0 - -2) - -4?
0
-2 + 4 + -18 + 7 + 6
-3
2 + 0 + (-2 - -3)
3
1 + 0 + -3 + 4 + -4
-2
Calculate -5 - -10 - (0 + 2 + -1).
4
What is the value of 8 + (-18 - -9) + 8?
7
What is 1 - ((-9 - 2) + 5 + -1)?
8
What is the value of (-5 - -2) + (2 + -3 - 1)?
-5
Evaluate 0 + 12 + -7 + -10.
-5
Evaluate -8 + 12 + -4 + 2.
2
Calculate 5 + -10 + 1 + 9 + -9.
-4
What is the value of 10 + -5 - (-3 + 13 + -6)?
1
Calculate (-4 - 2 - -10) + -6 + -1.
-3
Evaluate -1 - ((3 - (2 + -3)) + 0).
-5
Calculate -1 + 2 + (3 - -1).
5
Evaluate -2 + 3 - (-3 + 2) - 5.
-3
Evaluate -2 - (0 - 4 - (3 - 9)).
-4
2 + -2 + (-3 - 1) + 1
-3
What is 0 + -1 + -1 + -3?
-5
What is -6 + -9 + 18 + 0 + -3?
0
What is (-4 - -2) + (4 - -1)?
3
What is (2 + 1 - -2) + (-3 - 2)?
0
What is the value of -1 + 0 + -1 - (-6 - 0)?
4
What is -8 + 12 - (-4 - -8)?
0
Evaluate -2 + 0 - ((-1 - 6) + 6).
-1
Evaluate -1 + (1 - 2 - 1) - -5.
2
Calculate 0 + -7 - (2 - (2 - -2)).
-5
What is -9 - (-17 + -7) - (-3 - -9)?
9
Calculate 2 - -9 - (3 - -6).
2
(4 - 10) + 0 + 1 - -2
-3
What is 7 + (-24 - -11) - (-1 - -3)?
-8
Calculate 0 - ((5 - 10) + 7).
-2
Calculate 6 + 4 + 4 + -10.
4
What is the value of (-6 - -11) + -22 + 11?
-6
Calculate 18 + -9 + 0 - 11.
-2
Evaluate (7 - 3) + (0 + 4 - 4).
4
What is the value of 5 - (5 - 0) - -5?
5
2 + -2 - -1 - (-8 + 11)
-2
0 + -1 - -5 - (-23 - -32)
-5
-15 - -27